33*m**2 - 12700*m + 1807. Give h(38).
59
Let m(s) = -2086*s**3 - 2*s**2 + 92*s + 89. Calculate m(-1).
2081
Let u(z) = -2*z**3 + 70*z**2 + 8*z + 11898. Give u(39).
42
Let p(u) = -u**3 - 351*u**2 + 448*u - 91069. Give p(-353).
5
Let v(m) = 1388*m - 5545. What is v(4)?
7
Let a(g) = -3*g**3 + 1038*g**2 + 3126*g + 5785. What is a(349)?
550
Let j(h) = -h**3 - 17*h**2 + 129*h + 60. Give j(6).
6
Let n(k) = 6652*k - 3292725. Give n(495).
15
Let p(x) = -x**2 - 8*x + 1017. What is p(26)?
133
Let f(l) = -8*l**2 + 140*l + 384. Determine f(24).
-864
Let n(v) = -6103*v + 42722. Give n(7).
1
Let u(r) = -r**3 - 526*r**2 + 2556*r - 52577. Calculate u(-531).
-8
Let j(c) = -47*c**2 + 1552*c - 1501. Calculate j(1).
4
Let l(n) = -n**2 + 3185*n + 67403. Calculate l(-21).
77
Let g(a) = 5*a**2 - 188*a - 738. Determine g(41).
-41
Let f(v) = -v**2 + 746*v - 2977. What is f(4)?
-9
Let w(k) = 161*k**2 - 2512*k - 12583. Give w(-5).
4002
Let s(x) = -x**3 + 614*x**2 + 4720*x + 159246. Give s(622).
14
Let m(a) = -a**3 + 29*a**2 + 134. Determine m(29).
134
Let d(r) = r**2 - 59752*r + 298730. Determine d(5).
-5
Let z(g) = -9*g**2 - 1516*g - 6530. Determine z(-164).
30
Let c(a) = -238*a**2 + 13153*a + 9808. Give c(56).
8
Let u(o) = o**2 + 53*o - 535. Determine u(-62).
23
Let x(q) = -56*q - 219. Calculate x(1).
-275
Let l(r) = -1106*r + 130446. Determine l(118).
-62
Let f(q) = q**3 + 184*q**2 - 886*q - 1522. What is f(6)?
2
Let o(y) = 2*y**3 - 311*y**2 - 121*y - 5449. Give o(156).
11
Let p(o) = -4*o**2 - 315*o + 6186. Calculate p(19).
-1243
Let q(f) = 10*f**2 - 2031*f + 13494. What is q(196)?
-422
Let v(o) = -o**2 - 3046*o - 87419. What is v(-29)?
74
Let h(y) = 112822*y + 1579651. Calculate h(-14).
143
Let t(r) = 17365*r - 508. Calculate t(0).
-508
Let r(y) = y**3 - 26*y**2 + 197*y - 1967. Calculate r(20).
-427
Let v(x) = -168336*x + 841654. Give v(5).
-26
Let u(p) = -7*p**3 + 83*p**2 - 88*p + 200. Calculate u(11).
-42
Let k(a) = -13*a**3 + 353*a**2 - 370*a - 522. Calculate k(26).
-2
Let l(n) = 313*n + 174. What is l(15)?
4869
Let v(x) = 10320*x - 70474. Determine v(7).
1766
Let k(m) = -m**3 + 13*m**2 - 8136*m + 174401. Determine k(21).
17
Let w(p) = p**3 + 87*p**2 + 1501*p + 1868. What is w(-64)?
12
Let u(i) = 20*i + 1296. Calculate u(-88).
-464
Let v(s) = 1015*s + 7135. Calculate v(-7).
30
Let i(u) = 207*u + 35433. Calculate i(-171).
36
Let w(i) = 2423*i - 82315. Calculate w(34).
67
Let n(l) = 9977*l + 49935. Determine n(-5).
50
Let r(y) = 684*y - 66548. What is r(96)?
-884
Let z(m) = -58*m**2 + 242*m + 402. What is z(5)?
162
Let z(w) = w**2 - 198*w - 2590. Calculate z(-14).
378
Let r(n) = -206*n - 10364. Determine r(-54).
760
Let s(a) = -91*a + 3239. Determine s(36).
-37
Let s(b) = 3715*b + 23783. What is s(-6)?
1493
Let t(o) = 7*o**3 - 48*o**2 - 90*o + 204. Determine t(8).
-4
Let d(h) = -6*h**3 + 79*h**2 - 2072*h + 21208. Calculate d(11).
-11
Let q(p) = -2*p**2 + 42*p + 610. Give q(-8).
146
Let c(l) = -l**3 + 39*l**2 + 2692*l - 91. Calculate c(75).
-691
Let o(v) = 47715*v - 763429. Give o(16).
11
Let s(w) = w**3 + 121*w**2 - 481*w + 2407. Calculate s(-125).
32
Let b(l) = 2*l**2 + 155*l + 31. What is b(-77)?
-46
Let y(g) = 58*g**2 - 36292*g + 36291. Determine y(1).
57
Let c(m) = -54*m + 2405. Give c(53).
-457
Let r(z) = -5*z**2 + 3832*z - 182307. Give r(51).
120
Let m(a) = -1786*a + 24955. Determine m(14).
-49
Let t(p) = 20274*p + 1155648. Determine t(-57).
30
Let s(h) = 13*h**2 - 376*h + 1184. Calculate s(29).
1213
Let b(w) = -8*w**3 + 67*w**2 + 46*w + 31. Calculate b(10).
-809
Let v(j) = 82*j**2 - 593*j + 6. What is v(7)?
-127
Let n(p) = -516*p + 42809. What is n(83)?
-19
Let k(t) = -385*t - 855. What is k(2)?
-1625
Let g(k) = 2*k**3 + 9*k**2 + 27*k - 48. Determine g(-8).
-712
Let d(k) = -255*k - 5471. What is d(-19)?
-626
Let l(t) = -3*t**3 - 347*t**2 - 2284*t + 10. Determine l(-7).
24
Let u(j) = j**3 - 17*j**2 + 129*j - 1194. Calculate u(10).
-604
Let o(h) = 682025*h + 15686575. Give o(-23).
0
Let p(r) = -2*r**3 + 3*r**2 + 894*r + 4147. What is p(-5)?
2
Let x(i) = -i**3 - 555*i**2 + 165*i + 91547. Calculate x(-555).
-28
Let g(x) = -2*x**3 + 26*x**2 - 130*x + 20. Give g(8).
-380
Let k(z) = -14*z**3 - 408*z**2 + 363*z + 64. What is k(-30)?
-26
Let w(f) = 18587*f - 74286. Determine w(4).
62
Let y(k) = -2*k**3 + 12*k**2 - 11*k - 61. Calculate y(5).
-66
Let j(k) = k**2 + 9443*k + 56601. What is j(-6)?
-21
Let g(j) = -2*j**3 + 93*j**2 - 235*j - 7122. Determine g(12).
-6
Let b(i) = 2121*i + 549. Calculate b(-1).
-1572
Let u(v) = -3*v**3 + 300*v**2 - 1428*v + 23. What is u(5)?
8
Let v(y) = -y**3 + 31*y**2 + 252*y - 5122. Give v(34).
-22
Let n(f) = 780*f + 96724. Determine n(-124).
4
Let o(p) = -124*p - 8953. Determine o(-70).
-273
Let k(b) = b**3 + 99*b**2 - 1349*b + 221. Calculate k(-111).
2108
Let x(i) = -129*i - 7182. Calculate x(-56).
42
Let r(i) = -2*i**3 - i**2 - 305*i - 899. Calculate r(-3).
61
Let k(f) = -4*f**3 + 159*f**2 - 110*f + 6485. Calculate k(40).
485
Let t(v) = v**3 - 61*v**2 + 115*v + 287. Calculate t(59).
110
Let h(b) = -2479*b - 2480. Calculate h(-1).
-1
Let k(n) = 1049*n + 4700. Determine k(-3).
1553
Let r(t) = -2*t**3 + 15*t**2 + t - 182. Calculate r(13).
-2028
Let o(a) = -3*a**3 - 127*a**2 - 475*a + 159. Give o(-38).
-563
Let u(c) = -c**2 - 2250*c - 20200. Calculate u(-9).
-31
Let g(f) = 8*f**2 - 270*f + 355. What is g(32)?
-93
Let i(n) = 336812*n + 15156541. What is i(-45)?
1
Let u(i) = 333*i**2 - 12764*i - 115. Determine u(38).
-4295
Let u(c) = -16*c**2 + 76*c + 1213. What is u(13)?
-503
Let z(a) = -100*a**3 + 62*a**2 - 109*a + 4. Give z(2).
-766
Let x(j) = 2141*j - 12664. Give x(6).
182
Let q(t) = 4904*t + 83386. What is q(-17)?
18
Let c(b) = -261*b**2 - 3976*b - 938. Calculate c(-15).
-23
Let l(z) = -479*z - 8692. Determine l(-18).
-70
Let s(q) = -83*q - 5442. Calculate s(-61).
-379
Let t(l) = l**3 + 35*l**2 + 281*l + 5891. Give t(-32).
-29
Let l(j) = -9*j**2 - 141*j - 621. Determine l(-5).
-141
Let u(t) = -4764*t - 28923. What is u(-6)?
-339
Let n(a) = 890*a - 70631. Give n(79).
-321
Let v(l) = -69054*l - 690482. Calculate v(-10).
58
Let o(d) = -2030*d - 77787. Calculate o(-38).
-647
Let t(g) = -g**2 - 2978*g - 79687. Calculate t(-27).
-10
Let g(j) = -7283*j - 1056026. What is g(-145)?
9
Let m(r) = -r**3 - 14*r**2 + 33*r - 263. Determine m(11).
-2925
Let l(m) = -487*m - 3026. Give l(-6).
-104
Let p(b) = -4*b**2 - 13949*b + 337093. Calculate p(24).
13
Let r(k) = 3*k**2 + 9*k + 59. Give r(-33).
3029
Let i(l) = -l**3 - 8*l**2 - 50*l - 1426. Calculate i(-15).
899
Let l(n) = 3*n**3 + 3*n**2 + 44*n + 197. Give l(-3).
11
Let z(d) = 503*d**2 + 146*d + 147. Calculate z(-1).
504
Let l(i) = -5390*i + 43062. What is l(8)?
-58
Let n(t) = 2*t**3 + 513*t**2 - 2924*t - 1348. What is n(6)?
8
Let o(y) = 2*y**2 + 698054*y + 2792193. Determine o(-4).
9
Let u(j) = j**3 + 458*j**2 - 7586*j - 951. Give u(-474).
-3
Let d(x) = x**3 - 215*x**2 - 2953*x - 2520. Give d(228).
-12
Let k(s) = -9840*s**2 + 364088*s - 308. Calculate k(37).
-12
Let c(s) = s**3 + 44*s**2 - 3477*s - 212. Determine c(41).
116
Let m(g) = 2*g**2 - 430*g + 8723. Determine m(194).
575
Let c(i) = 745*i + 294265. Give c(-395).
-10
Let i(q) = 25504*q - 101996. Calculate i(4).
20
Let r(w) = 2*w**2 + 1624*w + 60312. What is r(-39)?
18
Let z(k) = -k**3 + 19*k**2 - 233*k + 3473. Calculate z(17).
90
Let h(k) = -2377*k + 240069. What is h(101)?
-8
Let o(d) = 282*d**2 + 10710*d + 3. Calculate o(-38).
231
Let u(i) = 10678*i - 84452. Give u(8).
972
Let q(m) = -m**3 + 567*m**2 - 49574*m + 218. Determine q(108).
2
Let b(a) = -6*a**2 - 447*a + 192. What is b(-75)?
-33
Let f(m) = -25002*m - 2250163. What is f(-90)?
17
Let s(c) = -c**3 - 28*c**2 - 98*c + 62. Calculate s(-21).
-967
Let o(k) = 3*k**2 + 356*k - 1122. Determine o(-122).
98
Let w(u) = -19879*u - 496977. Determine w(-25).
-2
Let h(b) = 525*b - 844. Give h(-4).
-2944
Let i(s) = -3212*s + 96470. Give i(30).
110
Let g(d) = 2088*d - 2029. Determine g(1).
59
Let c(l) = 1165*l + 526. Give c(0).
526
Let r(o) = 377*o - 4076. What is r(12)?
448
Let r(t) = -92*t - 5321. Calculate r(-56).
-169
Let h(z) = -4*z**3 + 53*z**2 + z - 184. Determine h(16).
-2984
Let u(q) = 4*q**2 + 891*q + 18198. Calculate u(-200).
-2
Let x(f) = -3*f**2 - 404*f - 3542. Determine x(-9).
-149
Let 